{"id":11613,"date":"2019-12-14T22:13:14","date_gmt":"2019-12-14T21:13:14","guid":{"rendered":"https:\/\/www.kornmarkt-doener.de\/?page_id=11613"},"modified":"2025-02-08T10:46:10","modified_gmt":"2025-02-08T09:46:10","slug":"datenschutz","status":"publish","type":"page","link":"https:\/\/www.kornmarkt-doener.de\/?page_id=11613","title":{"rendered":"Datenschutz"},"content":{"rendered":"<div id=\"pl-11613\"  class=\"panel-layout\" ><div id=\"pg-11613-0\"  class=\"panel-grid panel-has-style\" ><div style=\"padding: 25px 0; \" data-overlay=\"true\" data-overlay-color=\"#000000\" class=\"panel-row-style panel-row-style-for-11613-0\" ><div id=\"pgc-11613-0-0\"  class=\"panel-grid-cell\" ><div id=\"panel-11613-0-0-0\" class=\"so-panel widget widget_sow-editor panel-first-child panel-last-child\" data-index=\"0\" ><div style=\"text-align: left;\" data-title-color=\"#443f3f\" data-headings-color=\"#443f3f\" class=\"panel-widget-style panel-widget-style-for-11613-0-0-0\" ><div\n\t\t\t\n\t\t\tclass=\"so-widget-sow-editor so-widget-sow-editor-base\"\n\t\t\t\n\t\t>\n<div class=\"siteorigin-widget-tinymce textwidget\">\n\t<p><span style=\"font-family: arial, helvetica, sans-serif; font-size: 18pt;\"><strong>Datenschutzerkl\u00e4rung<\/strong><\/span><\/p>\n<p><span style=\"font-family: arial, helvetica, sans-serif;\">Kornmarkt D\u00f6ner<\/span><br \/>\n<span style=\"font-family: arial, helvetica, sans-serif;\">Inhaber: Diana Isik<\/span><br \/>\n<span style=\"font-family: arial, helvetica, sans-serif;\">Kornmarkt 4<\/span><br \/>\n<span style=\"font-family: arial, helvetica, sans-serif;\">48483 Wesel<\/span><\/p>\n<p><span style=\"font-family: arial, helvetica, sans-serif;\"><strong>Erfassung von Daten<\/strong><\/span><\/p>\n<p><span style=\"font-family: arial, helvetica, sans-serif;\">W\u00e4hrend Sie auf unsere Webseiten zugreifen, erfassen wir automatisch Daten von allgemeiner Natur. Diese Daten (Server-Logfiles) umfassen zum Beispiel die Art ihres Browsers, ihr Betriebssystem, den Domainnamen Ihres Internetanbieters sowie weitere \u00e4hnliche allgemeine Daten. Diese Daten sind absolut Personen unabh\u00e4ngig und werden genutzt, um Ihnen die Webseiten korrekt darzustellen und werden bei jeder Nutzung des Internets abgerufen.<\/span><\/p>\n<p><span style=\"font-family: arial, helvetica, sans-serif;\"><strong>Kontaktformular<\/strong><\/span><\/p>\n<p><span style=\"font-family: arial, helvetica, sans-serif;\">Wenn Sie uns \u00fcber unsere Kontaktseite kontaktieren oder uns eine E-Mail schicken, werden die entsprechenden Daten zur Bearbeitung gespeichert.<\/span><\/p>\n<p><span style=\"font-family: arial, helvetica, sans-serif;\"><strong>L\u00f6schung oder Sperrung von Daten<\/strong><\/span><\/p>\n<p><span style=\"font-family: arial, helvetica, sans-serif;\">Ihre pers\u00f6nlichen Daten werden nur so lange gespeichert, wie dies absolut notwendig ist, um die angegebenen Dienste zu leisten und es vom Gesetz vorgeschrieben ist. Nach Ablauf dieser Fristen werden die pers\u00f6nlichen Daten der Nutzer regelm\u00e4\u00dfig gesperrt oder gel\u00f6scht.<\/span><\/p>\n<p><span style=\"font-family: arial, helvetica, sans-serif;\"><strong>Cookies<\/strong><\/span><\/p>\n<p><span style=\"font-family: arial, helvetica, sans-serif;\">Unsere Webseite verwendet keine \u201eCookies\u201c.<\/span><\/p>\n<p><span style=\"font-family: arial, helvetica, sans-serif;\"><strong>Skalierbares Zentrales Messverfahren<\/strong><\/span><\/p>\n<p><span style=\"font-family: arial, helvetica, sans-serif;\">Unsere Webseite nutzt keine Messverfahren jeglicher Art.<\/span><\/p>\n<p><span style=\"font-family: arial, helvetica, sans-serif;\"><strong>Auskunft, Berichtigung, Sperre, L\u00f6schung und Widerspruch<\/strong><\/span><\/p>\n<p><span style=\"font-family: arial, helvetica, sans-serif;\">Sie k\u00f6nnen zu jedem Zeitpunkt Informationen \u00fcber Ihre bei uns gespeicherten Daten erbitten. Diese k\u00f6nnen auch berichtigt, gesperrt oder, sofern die vorgeschriebene Zeitr\u00e4ume der Datenspeicherung zur Gesch\u00e4ftsabwicklung abgelaufen sind, gel\u00f6scht werden.<\/span><\/p>\n<p><span style=\"font-family: arial, helvetica, sans-serif;\"><strong>\u00c4nderung der Datenschutzbestimmungen<\/strong><\/span><\/p>\n<p><span style=\"font-family: arial, helvetica, sans-serif;\">Unsere Datenschutzerkl\u00e4rung k\u00f6nnen in unregelm\u00e4\u00dfigen Abst\u00e4nden angepasst werden, damit sie den aktuellen rechtlichen Anforderungen entsprechen oder um \u00c4nderungen unserer Dienstleistungen umzusetzen, z. B. bei der Einf\u00fcgung neuer Angebote. Bei Ihrem n\u00e4chsten Besuch werden Sie dann automatisch \u00fcber die \u00c4nderungen des Angebotes informiert, sofern sie relevante \u00c4nderungen im Sinne dieser Datenschutzerkl\u00e4rung ber\u00fchren.<\/span><\/p>\n<p><span style=\"font-family: arial, helvetica, sans-serif;\"><strong>Kontakt zum Datenschutz<\/strong><\/span><\/p>\n<p><span style=\"font-family: arial, helvetica, sans-serif;\">F\u00fcr Fragen zum Datenschutz schicken Sie bitte eine Nachricht an firat.isik0106@gmail.com mit dem Betreff \u201eDatenschutz\u201c.<\/span><\/p>\n<p><span style=\"font-family: arial, helvetica, sans-serif;\">Diese Widerrufsbelehrung Seite wurde bei <a href=\"https:\/\/datenschutzerkl\u00e4runggenerator.de\/\" target=\"_blank\" rel=\"noreferrer noopener\"><strong>datenschutzerkl\u00e4runggenerator.de<\/strong><\/a>\u00a0erstellt und durch Kornmarkt D\u00f6ner in Teilen ge\u00e4ndert.<\/span><\/p>\n<\/div>\n<\/div><\/div><\/div><\/div><\/div><\/div><\/div>","protected":false},"excerpt":{"rendered":"<p>Datenschutzerkl\u00e4rung Kornmarkt D\u00f6ner Inhaber: Diana Isik Kornmarkt 4 48483 Wesel Erfassung von Daten W\u00e4hrend Sie auf unsere Webseiten zugreifen, erfassen wir automatisch Daten von allgemeiner Natur. Diese Daten (Server-Logfiles) umfassen zum Beispiel die Art ihres Browsers, ihr Betriebssystem, den Domainnamen Ihres Internetanbieters sowie weitere \u00e4hnliche allgemeine Daten. Diese Daten sind absolut Personen unabh\u00e4ngig und werden [&hellip;]<\/p>\n","protected":false},"author":1,"featured_media":0,"parent":0,"menu_order":0,"comment_status":"closed","ping_status":"closed","template":"page-templates\/page_fullwidth.php","meta":{"_crdt_document":"","footnotes":""},"class_list":["post-11613","page","type-page","status-publish","hentry"],"_links":{"self":[{"href":"https:\/\/www.kornmarkt-doener.de\/index.php?rest_route=\/wp\/v2\/pages\/11613","targetHints":{"allow":["GET"]}}],"collection":[{"href":"https:\/\/www.kornmarkt-doener.de\/index.php?rest_route=\/wp\/v2\/pages"}],"about":[{"href":"https:\/\/www.kornmarkt-doener.de\/index.php?rest_route=\/wp\/v2\/types\/page"}],"author":[{"embeddable":true,"href":"https:\/\/www.kornmarkt-doener.de\/index.php?rest_route=\/wp\/v2\/users\/1"}],"replies":[{"embeddable":true,"href":"https:\/\/www.kornmarkt-doener.de\/index.php?rest_route=%2Fwp%2Fv2%2Fcomments&post=11613"}],"version-history":[{"count":3,"href":"https:\/\/www.kornmarkt-doener.de\/index.php?rest_route=\/wp\/v2\/pages\/11613\/revisions"}],"predecessor-version":[{"id":11784,"href":"https:\/\/www.kornmarkt-doener.de\/index.php?rest_route=\/wp\/v2\/pages\/11613\/revisions\/11784"}],"wp:attachment":[{"href":"https:\/\/www.kornmarkt-doener.de\/index.php?rest_route=%2Fwp%2Fv2%2Fmedia&parent=11613"}],"curies":[{"name":"wp","href":"https:\/\/api.w.org\/{rel}","templated":true}]}}

<div id="pl-11613"  class="panel-layout" ><div id="pg-11613-0"  class="panel-grid panel-has-style" ><div style="padding: 25px 0; " data-overlay="true" data-overlay-color="#000000" class="panel-row-style panel-row-style-for-11613-0" ><div id="pgc-11613-0-0"  class="panel-grid-cell" ><div id="panel-11613-0-0-0" class="so-panel widget widget_sow-editor panel-first-child panel-last-child" data-index="0" ><div style="text-align: left;" data-title-color="#443f3f" data-headings-color="#443f3f" class="panel-widget-style panel-widget-style-for-11613-0-0-0" ><div
			
			class="so-widget-sow-editor so-widget-sow-editor-base"
			
		>
<div class="siteorigin-widget-tinymce textwidget">
	<p><span style="font-family: arial, helvetica, sans-serif; font-size: 18pt;"><strong>Datenschutzerklärung</strong></span></p>
<p><span style="font-family: arial, helvetica, sans-serif;">Kornmarkt Döner</span><br />
<span style="font-family: arial, helvetica, sans-serif;">Inhaber: Diana Isik</span><br />
<span style="font-family: arial, helvetica, sans-serif;">Kornmarkt 4</span><br />
<span style="font-family: arial, helvetica, sans-serif;">48483 Wesel</span></p>
<p><span style="font-family: arial, helvetica, sans-serif;"><strong>Erfassung von Daten</strong></span></p>
<p><span style="font-family: arial, helvetica, sans-serif;">Während Sie auf unsere Webseiten zugreifen, erfassen wir automatisch Daten von allgemeiner Natur. Diese Daten (Server-Logfiles) umfassen zum Beispiel die Art ihres Browsers, ihr Betriebssystem, den Domainnamen Ihres Internetanbieters sowie weitere ähnliche allgemeine Daten. Diese Daten sind absolut Personen unabhängig und werden genutzt, um Ihnen die Webseiten korrekt darzustellen und werden bei jeder Nutzung des Internets abgerufen.</span></p>
<p><span style="font-family: arial, helvetica, sans-serif;"><strong>Kontaktformular</strong></span></p>
<p><span style="font-family: arial, helvetica, sans-serif;">Wenn Sie uns über unsere Kontaktseite kontaktieren oder uns eine E-Mail schicken, werden die entsprechenden Daten zur Bearbeitung gespeichert.</span></p>
<p><span style="font-family: arial, helvetica, sans-serif;"><strong>Löschung oder Sperrung von Daten</strong></span></p>
<p><span style="font-family: arial, helvetica, sans-serif;">Ihre persönlichen Daten werden nur so lange gespeichert, wie dies absolut notwendig ist, um die angegebenen Dienste zu leisten und es vom Gesetz vorgeschrieben ist. Nach Ablauf dieser Fristen werden die persönlichen Daten der Nutzer regelmäßig gesperrt oder gelöscht.</span></p>
<p><span style="font-family: arial, helvetica, sans-serif;"><strong>Cookies</strong></span></p>
<p><span style="font-family: arial, helvetica, sans-serif;">Unsere Webseite verwendet keine „Cookies“.</span></p>
<p><span style="font-family: arial, helvetica, sans-serif;"><strong>Skalierbares Zentrales Messverfahren</strong></span></p>
<p><span style="font-family: arial, helvetica, sans-serif;">Unsere Webseite nutzt keine Messverfahren jeglicher Art.</span></p>
<p><span style="font-family: arial, helvetica, sans-serif;"><strong>Auskunft, Berichtigung, Sperre, Löschung und Widerspruch</strong></span></p>
<p><span style="font-family: arial, helvetica, sans-serif;">Sie können zu jedem Zeitpunkt Informationen über Ihre bei uns gespeicherten Daten erbitten. Diese können auch berichtigt, gesperrt oder, sofern die vorgeschriebene Zeiträume der Datenspeicherung zur Geschäftsabwicklung abgelaufen sind, gelöscht werden.</span></p>
<p><span style="font-family: arial, helvetica, sans-serif;"><strong>Änderung der Datenschutzbestimmungen</strong></span></p>
<p><span style="font-family: arial, helvetica, sans-serif;">Unsere Datenschutzerklärung können in unregelmäßigen Abständen angepasst werden, damit sie den aktuellen rechtlichen Anforderungen entsprechen oder um Änderungen unserer Dienstleistungen umzusetzen, z. B. bei der Einfügung neuer Angebote. Bei Ihrem nächsten Besuch werden Sie dann automatisch über die Änderungen des Angebotes informiert, sofern sie relevante Änderungen im Sinne dieser Datenschutzerklärung berühren.</span></p>
<p><span style="font-family: arial, helvetica, sans-serif;"><strong>Kontakt zum Datenschutz</strong></span></p>
<p><span style="font-family: arial, helvetica, sans-serif;">Für Fragen zum Datenschutz schicken Sie bitte eine Nachricht an firat.isik0106@gmail.com mit dem Betreff „Datenschutz“.</span></p>
<p><span style="font-family: arial, helvetica, sans-serif;">Diese Widerrufsbelehrung Seite wurde bei <a href="https://datenschutzerklärunggenerator.de/" target="_blank" rel="noreferrer noopener"><strong>datenschutzerklärunggenerator.de</strong></a> erstellt und durch Kornmarkt Döner in Teilen geändert.</span></p>
</div>
</div></div></div></div></div></div></div>

<p>Datenschutzerklärung Kornmarkt Döner Inhaber: Diana Isik Kornmarkt 4 48483 Wesel Erfassung von Daten Während Sie auf unsere Webseiten zugreifen, erfassen wir automatisch Daten von allgemeiner Natur. Diese Daten (Server-Logfiles) umfassen zum Beispiel die Art ihres Browsers, ihr Betriebssystem, den Domainnamen Ihres Internetanbieters sowie weitere ähnliche allgemeine Daten. Diese Daten sind absolut Personen unabhängig und werden [&hellip;]</p>
